 = 15*a - 441842. What is the remainder when a is divided by 160?
154
Suppose 4*j = 3*p - 0*j - 129, -29 = 2*p + 5*j. Let l = -58 - -136. What is the remainder when l is divided by p?
9
Let x = 49 + -9. Suppose 8*v - x = 128. Suppose 2*q - v = -q. Calculate the remainder when 16 is divided by q.
2
Let v be (-2)/12 + (-2)/(-12)*2167. Suppose -14*m = 5*m - v. Calculate the remainder when 111*(-1)/9*-3 is divided by m.
18
Let u(v) = -v + 2. Let t be u(8). Calculate the remainder when 1/(-10) - ((-1564)/40 + -1) is divided by (-129)/t - 4/8.
19
Let n(k) = k**2 + k - 12. Calculate the remainder when 84 is divided by n(7).
40
Let k = -80 - -98. Suppose 0 + 18 = k*z. Calculate the remainder when 16 is divided by z.
0
Let p(d) = d**3 + 10*d**2 - 26*d - 5. Let v be p(-12). Suppose -5*u - 85 = -4*r, 4*r + 17*u - v*u = 94. What is the remainder when 67 is divided by r?
17
Let q(z) = z**3 - 4*z**2 - z + 7. Calculate the remainder when q(6) is divided by (-330)/(-22) + 2 - -12.
15
Suppose 0 = -5*z + 10, -3*z + 111 = 4*k + k. Let y = 219 - 207. Calculate the remainder when k is divided by y.
9
Suppose -149*u + 60 = -143*u. Suppose 165 = -u*z + 21*z. Calculate the remainder when 88 is divided by z.
13
Let s(m) = -19*m. Suppose -34*b + 24*b = -12*b + 10. What is the remainder when s(-2) is divided by b?
3
Let v = -38304 - -38323. Calculate the remainder when (-83)/(1*2/(-4)) is divided by v.
14
Suppose -3*t + 7*t = 2*x - 60, -5*x + 5*t + 125 = 0. Suppose 2*d - 1298 = -x*d. Let l = 39 - 8. What is the remainder when d is divided by l?
28
Suppose -2240*h + 2221*h = -57817. What is the remainder when h is divided by 145?
143
Let o = -537 + 539. Suppose o*f - 90 = -28*f. Calculate the remainder when 22 is divided by f.
1
Let c(z) = 11*z + 885. Calculate the remainder when 144 is divided by c(-74).
2
Let h = -18492 + 18505. Calculate the remainder when 1159 is divided by h.
2
Let y = -22 + 33. Suppose -4*v + 130 = 2*x, -x - 8*v + 65 = -12*v. What is the remainder when x is divided by y?
10
Suppose -z + 2 = 0, -5*v + z = -10*v + 47. What is the remainder when 3722 is divided by v?
5
Suppose 3*u = -4*u + 19*u - 1968. What is the remainder when 3277 is divided by u?
161
Let u(d) = d**3 + 11*d**2 - d - 3. Let v be u(-12). Let r = -113 - v. Calculate the remainder when 42 is divided by r.
20
Suppose -5*s = 7*s - 12. Let a be (-1)/(-3) + (-35)/(-21) + s. Calculate the remainder when (-174)/(-9)*3 + a/(-1) is divided by 13.
3
Let u(f) = -78*f**3 - f**2 - 111*f - 351. Calculate the remainder when u(-3) is divided by 25.
4
Let j = 157 + -155. Suppose 4*x - 16 = -j*s, -s - 2 = 5*x - 7. Suppose 185 = 2*k - 3*u + 56, -3*u + 147 = 2*k. What is the remainder when k is divided by s?
9
Suppose 9089*w - 47616 = 9058*w. Calculate the remainder when w is divided by 760.
16
Suppose -m - 5*k = -28 + 2, -3*k - 242 = -5*m. Suppose 5*z + m = 156. What is the remainder when 261 is divided by z?
19
Suppose -19*l + 55 = -21, -2*u + 4*l + 1604 = 0. What is the remainder when u is divided by 208?
186
Suppose 7038 = 13*n + 4*n. Let x = 421 - n. Calculate the remainder when x is divided by 3.
1
Let f(d) = -16. Let i(n) = n. Let s(q) = 2*f(q) + 6*i(q). Let m be s(6). Calculate the remainder when 63 is divided by (-22)/(m*(-3)/6).
8
Suppose 42486 = -258*w + 331*w. Let s(b) = -b**2 + b + 45. Calculate the remainder when w is divided by s(0).
42
Suppose 0*m + 13*m - 39 = 0. Suppose 2*q - m*b - 30 = 0, -5*q - 6 = 4*b - 35. What is the remainder when 573 is divided by q?
6
Let w(c) = 4*c**2 + 377*c - 258. Suppose -2*o + 2*k = -162, -o + 6*o - 404 = 4*k. Calculate the remainder when o is divided by w(-95).
26
Calculate the remainder when ((-148580)/17)/(-23) - (1 + 8 + -2) is divided by 38.
31
Suppose -613 = -3*f + 5*k, -3*k + 382 = 2*f - k. Suppose 4*v - f = -4*r, -v + 93 = 2*r - 0*v. What is the remainder when 65 is divided by r?
21
What is the remainder when 3 + 3 - (-14 - -11)*89 is divided by 8?
1
Let c(f) = 3*f**3 - 18*f + 33. Let m be c(2). Suppose 10*j = m*j - 66. Calculate the remainder when 45 is divided by j.
3
Suppose -757 = -2*a - 3*l, -10 = -2*l - 0. Calculate the remainder when a is divided by 121.
8
Let q = 7280 - 6559. What is the remainder when q is divided by 92?
77
Suppose 5492 = -y + 5*y. Suppose 0 = -8*c + y - 397. What is the remainder when c is divided by 7?
3
Suppose -l + 14 = -6. Suppose a - 12 = -2*a. Suppose 5*x + a*z - 35 = 0, -3*x = -6*x - 5*z + 21. Calculate the remainder when l is divided by x.
6
Suppose -99 = 3*k - 489. Let r = 234 + -222. Calculate the remainder when k is divided by r.
10
Suppose 2*h = 5*b - 159, 4*b - 3 - 1 = 0. Let t = 84 + h. Calculate the remainder when 23 is divided by (16*2/4)/(-2) + t.
2
Let o(r) = 3*r**2 - r + 39. Suppose -3*n - 3*j + 22 = j, -4*n = 4*j - 24. What is the remainder when o(0) is divided by 40/n - (-2 - 2)?
15
Let c = -85 - -90. Suppose -6*r + 197 = -55. Suppose 19*v + r = 20*v. What is the remainder when v is divided by c?
2
Let u(t) = -2*t + 97. Suppose 5*p - 2*i + 69 = 0, -p + i + 1 - 16 = 0. What is the remainder when u(p) is divided by 11?
2
Let s(a) = -41*a**3 - 2*a**2 + 4*a + 5. Let w be s(-1). Suppose c - w = -28. Calculate the remainder when (-321)/(-2)*4/6 is divided by c.
11
Calculate the remainder when (-12)/(-20) - (-1175296)/640 is divided by 40.
37
Let i be 8/(-28) + 632/7. Let x = i + -54. Suppose 6*j + x = 144. Calculate the remainder when 52 is divided by j.
16
Suppose -2*m - 4*r + r - 19 = 0, -4*m - 27 = -5*r. Let i(y) = -y**3 - 4*y**2 + 27*y + 3. Calculate the remainder when i(m) is divided by 17.
9
Suppose 138*v - 126*v = 936. Let z = v - 30. Calculate the remainder when z is divided by 39.
9
Let i be 1/(3/(-372)*-4). Suppose -i = -o - 0. Let y = -3475 + 3660. Calculate the remainder when y is divided by o.
30
Let r(u) = u**2 - 28*u + 53. Let m be r(12). Let k = 142 + m. Suppose -4*d = -3*b + 13, -5*d = 4*b - 6*b + 11. Calculate the remainder when b is divided by k.
0
Suppose 73*b = 668 + 427. Suppose 0 = -2*q + 183 + 109. Calculate the remainder when q is divided by b.
11
Let b = 6524 + -6436. What is the remainder when 110 is divided by b?
22
What is the remainder when 1418 is divided by 18 + -3 - (-294)/21?
26
Let h be (-2)/((-872)/124 - -7). Calculate the remainder when (72/24)/((-59)/h + 1) is divided by 19.
5
Suppose -8*j = -3*j - 45. Let l = 44 - 36. Calculate the remainder when j is divided by (13 - 11)*1/4*l.
1
Suppose w + 3*n + 10 = -2*n, 14 = w - 3*n. Suppose 3*d - d + 4*g = 24, -3*d = -w*g - 25. Let s = 56524 - 56516. What is the remainder when d is divided by s?
2
Suppose -5*y + 4*b + 961 = 0, -5*y - 4*b = -y - 740. What is the remainder when y is divided by 5 + (0 - 5) - -8*4?
29
Calculate the remainder when 736 is divided by 6120/32 + 2/(-8).
163
Let o(u) = 62*u**2 - 192*u + 24. What is the remainder when 6820 is divided by o(3)?
4
Let x(m) = 2*m - 5. Let z be x(5). Suppose z*h + 2*j = -2*j + 123, 84 = 4*h - 4*j. Calculate the remainder when h is divided by (7*(-2)/3)/(56/(-48)) - -7.
1
Suppose 44 = -5*b + 9*b. Let o = 30 + -28. Suppose o*z + 321 = 5*k, 141 + 189 = 5*k - 5*z. What is the remainder when k is divided by b?
8
Suppose -605*r + o = -603*r - 2102, 0 = -3*r + 5*o + 3167. Calculate the remainder when r is divided by 75.
74
Let t(q) = -11*q - 1. What is the remainder when 4*1605/80 + (75/20 - 2) is divided by t(-2)?
19
Let w(a) = 68*a**2 + 93*a - 895. What is the remainder when w(10) is divided by 38?
33
Let n be (4/6)/(10/(-105)). Let v(l) = -l + 1. Let y(t) = 3*t + 31. Let s(w) = 6*v(w) - y(w). What is the remainder when s(n) is divided by 21?
17
Let n(g) = 379*g**2 - 732*g - 16. Suppose -q = -3*q + 48. Suppose -3*c = -6*c + 3*o + q, 3*c - o - 34 = 0. Calculate the remainder when n(2) is divided by c.
10
Let q(i) = -i + 16. Let j(s) = -3*s + 32. Let t(x) = -2*j(x) + 5*q(x). Calculate the remainder when 1/(-2) + 531/6 is divided by t(2).
16
Suppose -78*u + 57*u = -4557. Suppose -216*d - 190 = -u*d. Calculate the remainder when d is divided by 32.
30
Let u = -203 + 346. Let p(r) = r**3 - 15*r**2 + 17*r - 13. Let z = 149 - 135. Calculate the remainder when u is divided by p(z).
27
Let x(m) = 2*m**3 - 9*m**2 - 78*m + 462. Calculate the remainder when 600 is divided by x(5).
18
What i